r when 12558 is divided by 3960.
678
Calculate the remainder when 168626 is divided by 385.
381
Calculate the remainder when 12901562 is divided by 1063.
994
What is the remainder when 19655167 is divided by 30332?
31
Calculate the remainder when 72522 is divided by 70787.
1735
What is the remainder when 32009 is divided by 15628?
753
Calculate the remainder when 366277 is divided by 122078.
43
What is the remainder when 7839312 is divided by 49?
47
What is the remainder when 10820865 is divided by 49?
48
Calculate the remainder when 1291679 is divided by 430537.
68
Calculate the remainder when 1512852 is divided by 252115.
162
Calculate the remainder when 1105456 is divided by 543.
451
Calculate the remainder when 4507940 is divided by 1004.
984
What is the remainder when 11568198 is divided by 3856066?
0
What is the remainder when 63642841 is divided by 113?
111
Calculate the remainder when 94110 is divided by 9353.
580
What is the remainder when 15084020 is divided by 376?
28
What is the remainder when 7074716 is divided by 7074706?
10
Calculate the remainder when 17374 is divided by 1176.
910
Calculate the remainder when 11649 is divided by 1950.
1899
What is the remainder when 15453 is divided by 7665?
123
Calculate the remainder when 369883 is divided by 109.
46
What is the remainder when 373175456 is divided by 7245?
7241
What is the remainder when 94276 is divided by 7853?
40
Calculate the remainder when 4658045 is divided by 32124.
65
What is the remainder when 4770388 is divided by 1280?
1108
What is the remainder when 55554 is divided by 37?
17
What is the remainder when 1310972 is divided by 123?
38
Calculate the remainder when 2948903 is divided by 249.
245
What is the remainder when 6604601 is divided by 244?
9
Calculate the remainder when 14616597 is divided by 1078.
1073
What is the remainder when 6058 is divided by 986?
142
What is the remainder when 49626838 is divided by 8?
6
Calculate the remainder when 765809917 is divided by 15.
7
Calculate the remainder when 16962498 is divided by 236.
234
Calculate the remainder when 241903 is divided by 7284.
1531
Calculate the remainder when 38574 is divided by 1495.
1199
What is the remainder when 150990158 is divided by 2796114?
2
What is the remainder when 36445 is divided by 16382?
3681
Calculate the remainder when 26157796 is divided by 13078896.
4
Calculate the remainder when 8477297 is divided by 20427.
92
What is the remainder when 8900 is divided by 927?
557
Calculate the remainder when 632026 is divided by 186.
184
Calculate the remainder when 170530 is divided by 7088.
418
Calculate the remainder when 653559 is divided by 2088.
15
What is the remainder when 1333101 is divided by 666438?
225
Calculate the remainder when 30987 is divided by 15487.
13
Calculate the remainder when 44515 is divided by 1704.
211
Calculate the remainder when 120311 is divided by 813.
800
What is the remainder when 8056227 is divided by 136?
131
What is the remainder when 14852 is divided by 463?
36
What is the remainder when 606243 is divided by 2312?
499
Calculate the remainder when 119424 is divided by 2597.
2559
What is the remainder when 17885585 is divided by 297?
245
Calculate the remainder when 320897 is divided by 177.
173
What is the remainder when 35374 is divided by 11753?
115
What is the remainder when 2342669 is divided by 18?
5
What is the remainder when 129937 is divided by 21648?
49
What is the remainder when 37157 is divided by 1617?
1583
Calculate the remainder when 59415 is divided by 58909.
506
Calculate the remainder when 814587 is divided by 20.
7
Calculate the remainder when 5920349 is divided by 63.
50
What is the remainder when 860470 is divided by 286573?
751
Calculate the remainder when 3289303 is divided by 99.
28
Calculate the remainder when 14801371 is divided by 1480136.
11
Calculate the remainder when 23393579 is divided by 3.
2
What is the remainder when 6741132 is divided by 60?
12
Calculate the remainder when 84156458 is divided by 96.
74
Calculate the remainder when 3103593 is divided by 79.
78
Calculate the remainder when 336683 is divided by 11603.
196
Calculate the remainder when 167858 is divided by 777.
26
Calculate the remainder when 132084 is divided by 4890.
54
What is the remainder when 12531 is divided by 8532?
3999
Calculate the remainder when 40736093 is divided by 123.
92
What is the remainder when 2505292 is divided by 480?
172
What is the remainder when 14733598 is divided by 19?
10
What is the remainder when 13537440 is divided by 1692180?
0
What is the remainder when 1736539 is divided by 868259?
21
What is the remainder when 29830 is divided by 1131?
424
What is the remainder when 145871 is divided by 1279?
65
Calculate the remainder when 1448760 is divided by 610.
10
Calculate the remainder when 494904 is divided by 1911.
1866
Calculate the remainder when 773868 is divided by 188.
60
What is the remainder when 57275998 is divided by 3229?
3225
Calculate the remainder when 4755292 is divided by 3025.
3017
Calculate the remainder when 487308 is divided by 93.
81
What is the remainder when 659531419 is divided by 873?
871
What is the remainder when 81275925 is divided by 184?
181
Calculate the remainder when 20090391 is divided by 1157.
243
What is the remainder when 3524463 is divided by 3961?
3134
What is the remainder when 329348 is divided by 329158?
190
Calculate the remainder when 261475 is divided by 279.
52
Calculate the remainder when 211486 is divided by 40028.
11346
Calculate the remainder when 115010356 is divided by 5613.
5599
What is the remainder when 1281191 is divided by 256221?
86
What is the remainder when 1418694 is divided by 100?
94
Calculate the remainder when 61823608 is divided by 41.
36
Calculate the remainder when 77270 is divided by 18966.
1406
Calculate the remainder when 505282 is divided by 252602.
78
What is the remainder when 152208 is divided by 76047?
114
What is the remainder when 39504532 is divided by 274337?
4
Calculate the remainder when 789737 is divided by 15794.
37
Calculate the remainder when 1007404868 is divided by 170.
168
What is the remainder when 14721 is divided by 11800?
2921
Calculate the remainder when 2435202 is divided by 28316.
26
Calculate the remainder when 222650 is divided by 106.
50
What is the remainder when 204744886 is divided by 4?
2
What is the remainder when 4897036 is divided by 20?
16
What is the remainder when 1914248 is divided by 1645?
1113
What is the remainder when 6396554 is divided by 1599135?
14
Calculate the remainder when 3516002 is divided by 1171990.
32
What is the remainder when 5951438 is divided by 4664?
174
Calculate the remainder when 252881 is divided by 103.
16
What is the remainder when 305861123 is divided by 663?
659
Calculate the remainder when 54172627 is divided by 5182.
5181
Calculate the remainder when 136274 is divided by 19457.
75
Calculate the remainder when 2471703 is divided by 363.
36
Calculate the remainder when 2292144 is divided by 41675.
19
What is the remainder when 1929290 is divided by 482223?
398
Calculate the remainder when 591761953 is divided by 266.
265
Calculate the remainder when 13818 is divided by 36.
30
What is the remainder when 383939 is divided by 127851?
386
What is the remainder when 263806 is divided by 472?
430
Calculate the remainder when 63070 is divided by 1050.
70
Calculate the remainder when 7586263 is divided by 709.
672
Calculate the remainder when 776501 is divided by 258825.
26
Calculate the remainder when 74338481 is divided by 297.
272
What is the remainder when 39191396 is divided by 4524?
4508
Calculate the remainder when 3390503 is divided by 816.
23
What is the remainder when 146384902 is divided by 630?
622
Calculate the remainder when 2252616 is divided by 18464.
8
Calculate the remainder when 94178 is divided by 819.
812
Calculate the remainder when 310762 is divided by 925.
887
Calculate the remainder when 220866 is divided by 44168.
26
Calculate the remainder when 1316232 is divided by 2172.
0
Calculate the remainder when 201949 is divided by 971.
952
What is the remainder when 423093 is divided by 105749?
97
What is the remainder when 6809 is divided by 45?
14
Calculate the remainder when 6067381